{"id":34,"date":"2025-03-28T12:00:27","date_gmt":"2025-03-28T12:00:27","guid":{"rendered":"https:\/\/berlinerklavierfesttage.com\/?page_id=34"},"modified":"2025-09-06T19:38:01","modified_gmt":"2025-09-06T19:38:01","slug":"support-us","status":"publish","type":"page","link":"https:\/\/berlinerklavierfesttage.com\/de\/support-us","title":{"rendered":"Machen Sie mit!"},"content":{"rendered":"<h2 class=\"wp-block-heading\">Gemeinsam f\u00fcr die Musik<\/h2>\n\n\n\n<p>Die Berliner Klavierfesttage leben von der Begeisterung und Unterst\u00fctzung vieler Menschen, Institutionen und F\u00f6rderpartner. Auf dieser Seite finden Sie alle Informationen rund um die M\u00f6glichkeiten, unser Festival zu f\u00f6rdern \u2013 sei es durch finanzielle Beitr\u00e4ge, ideelle Unterst\u00fctzung oder Zusammenarbeit. Zudem ist es uns wichtig an dieser Stelle all jene zu w\u00fcrdigen, die mit ihrem Engagement zum Gelingen der Klavierfesttage beigetragen haben.<\/p>\n\n\n\n<div class=\"wp-block-uagb-separator uagb-block-cd2ba5ef\"><div class=\"wp-block-uagb-separator__inner\" style=\"--my-background-image:\"><\/div><\/div>\n\n\n\n<div class=\"wp-block-uagb-container uagb-block-takaeiml alignfull uagb-is-root-container\"><div class=\"uagb-container-inner-blocks-wrap\">\n<div class=\"wp-block-uagb-container uagb-block-bulpzp3q\">\n<div class=\"wp-block-uagb-info-box uagb-block-kyk6v7wt uagb-infobox__content-wrap  uagb-infobox-icon-above-title uagb-infobox-image-valign-top\"><div class=\"uagb-ifb-content\"><div class=\"uagb-ifb-title-wrap\"><h2 class=\"uagb-ifb-title\">Warum unterst\u00fctzen<\/h2><\/div><\/div><\/div>\n\n\n\n<div class=\"wp-block-uagb-buttons uagb-buttons__outer-wrap uagb-btn__default-btn uagb-btn-tablet__default-btn uagb-btn-mobile__default-btn uagb-block-k0fpjnxf\"><div class=\"uagb-buttons__wrap uagb-buttons-layout-wrap\">\n<div class=\"wp-block-uagb-buttons-child uagb-buttons__outer-wrap uagb-block-dt0ts7ia wp-block-button\"><div class=\"uagb-button__wrapper\"><a class=\"uagb-buttons-repeater wp-block-button__link\" aria-label=\"\" href=\"https:\/\/berlinerklavierfesttage.com\/de\/why-support\/\" rel=\"follow noopener\" target=\"_self\" role=\"button\"><div class=\"uagb-button__link\">mehr erfahren<\/div><\/a><\/div><\/div>\n<\/div><\/div>\n<\/div>\n<\/div><\/div>\n\n\n\n<div class=\"wp-block-uagb-container uagb-block-83672f46 alignfull uagb-is-root-container\"><div class=\"uagb-container__shape uagb-container__shape-top\"><svg xmlns=\"https:\/\/www.w3.org\/2000\/svg\" viewbox=\"0 0 700 10\" preserveaspectratio=\"none\"><path class=\"uagb-container__shape-fill\" d=\"M350,10L340,0h20L350,10z\"><\/path><\/svg><\/div><div class=\"uagb-container-inner-blocks-wrap\">\n<div class=\"wp-block-uagb-container uagb-block-9bb6b4a6\">\n<div class=\"wp-block-uagb-info-box uagb-block-2016bb0c uagb-infobox__content-wrap  uagb-infobox-icon-above-title uagb-infobox-image-valign-top\"><div class=\"uagb-ifb-content\"><div class=\"uagb-ifb-title-wrap\"><h2 class=\"uagb-ifb-title\">Wie und auf welchem Weg?<\/h2><\/div><\/div><\/div>\n\n\n\n<div class=\"wp-block-uagb-buttons uagb-buttons__outer-wrap uagb-btn__default-btn uagb-btn-tablet__default-btn uagb-btn-mobile__default-btn uagb-block-7bd88e19\"><div class=\"uagb-buttons__wrap uagb-buttons-layout-wrap\">\n<div class=\"wp-block-uagb-buttons-child uagb-buttons__outer-wrap uagb-block-08e0d181 wp-block-button\"><div class=\"uagb-button__wrapper\"><a class=\"uagb-buttons-repeater wp-block-button__link\" aria-label=\"\" href=\"https:\/\/berlinerklavierfesttage.com\/de\/how-to-support-benefits\/\" rel=\"follow noopener\" target=\"_self\" role=\"button\"><div class=\"uagb-button__link\">herausfinden<\/div><\/a><\/div><\/div>\n<\/div><\/div>\n<\/div>\n<\/div><\/div>\n\n\n\n<div class=\"wp-block-uagb-container uagb-block-10e38ee4 alignfull uagb-is-root-container\"><div class=\"uagb-container__shape uagb-container__shape-top\"><svg xmlns=\"https:\/\/www.w3.org\/2000\/svg\" viewbox=\"0 0 700 10\" preserveaspectratio=\"none\"><path class=\"uagb-container__shape-fill\" d=\"M350,10L340,0h20L350,10z\"><\/path><\/svg><\/div><div class=\"uagb-container-inner-blocks-wrap\">\n<div class=\"wp-block-uagb-container uagb-block-cfd08385\">\n<div class=\"wp-block-uagb-info-box uagb-block-0d24cc8d uagb-infobox__content-wrap  uagb-infobox-icon-above-title uagb-infobox-image-valign-top\"><div class=\"uagb-ifb-content\"><div class=\"uagb-ifb-title-wrap\"><h2 class=\"uagb-ifb-title\">Danksagung<\/h2><\/div><\/div><\/div>\n\n\n\n<div class=\"wp-block-uagb-buttons uagb-buttons__outer-wrap uagb-btn__default-btn uagb-btn-tablet__default-btn uagb-btn-mobile__default-btn uagb-block-baed0669\"><div class=\"uagb-buttons__wrap uagb-buttons-layout-wrap\">\n<div class=\"wp-block-uagb-buttons-child uagb-buttons__outer-wrap uagb-block-0e3d6ebb wp-block-button\"><div class=\"uagb-button__wrapper\"><a class=\"uagb-buttons-repeater wp-block-button__link\" aria-label=\"\" href=\"https:\/\/berlinerklavierfesttage.com\/de\/acknowledgements\/\" rel=\"follow noopener\" target=\"_self\" role=\"button\"><div class=\"uagb-button__link\">LESEN<\/div><\/a><\/div><\/div>\n<\/div><\/div>\n<\/div>\n<\/div><\/div>","protected":false},"excerpt":{"rendered":"<p>Together for music The Berliner Klavierfesttage depends on the enthusiasm and support of many people, institutions and sponsoring partners. On<\/p>\n<p><span class=\"more-link\"><a href=\"https:\/\/berlinerklavierfesttage.com\/de\/support-us\" class=\"readmore\">Continue reading<span class=\"screen-reader-text\">Machen Sie mit!<\/span><\/a><\/span><\/p>","protected":false},"author":1,"featured_media":0,"parent":0,"menu_order":0,"comment_status":"closed","ping_status":"closed","template":"","meta":{"give_campaign_id":0,"_uag_custom_page_level_css":"","footnotes":""},"class_list":["post-34","page","type-page","status-publish","hentry"],"campaignId":"","uagb_featured_image_src":{"full":false,"thumbnail":false,"medium":false,"medium_large":false,"large":false,"1536x1536":false,"2048x2048":false,"trp-custom-language-flag":false,"depicter-thumbnail":false,"post-thumbnail":false,"scapeshot-single-post-page":false,"scapeshot-slider":false,"scapeshot-featured":false,"scapeshot-team":false,"scapeshot-logo-slider":false,"scapeshot-portfolio":false,"scapeshot-service":false},"uagb_author_info":{"display_name":"yreshef@gmail.com","author_link":"https:\/\/berlinerklavierfesttage.com\/de\/author\/yreshefgmail-com"},"uagb_comment_info":0,"uagb_excerpt":"Together for music The Berliner Klavierfesttage depends on the enthusiasm and support of many people, institutions and sponsoring partners. OnContinue readingSupport Us!","_links":{"self":[{"href":"https:\/\/berlinerklavierfesttage.com\/de\/wp-json\/wp\/v2\/pages\/34","targetHints":{"allow":["GET"]}}],"collection":[{"href":"https:\/\/berlinerklavierfesttage.com\/de\/wp-json\/wp\/v2\/pages"}],"about":[{"href":"https:\/\/berlinerklavierfesttage.com\/de\/wp-json\/wp\/v2\/types\/page"}],"author":[{"embeddable":true,"href":"https:\/\/berlinerklavierfesttage.com\/de\/wp-json\/wp\/v2\/users\/1"}],"replies":[{"embeddable":true,"href":"https:\/\/berlinerklavierfesttage.com\/de\/wp-json\/wp\/v2\/comments?post=34"}],"version-history":[{"count":39,"href":"https:\/\/berlinerklavierfesttage.com\/de\/wp-json\/wp\/v2\/pages\/34\/revisions"}],"predecessor-version":[{"id":1136,"href":"https:\/\/berlinerklavierfesttage.com\/de\/wp-json\/wp\/v2\/pages\/34\/revisions\/1136"}],"wp:attachment":[{"href":"https:\/\/berlinerklavierfesttage.com\/de\/wp-json\/wp\/v2\/media?parent=34"}],"curies":[{"name":"wp","href":"https:\/\/api.w.org\/{rel}","templated":true}]}}

<h2 class="wp-block-heading">Gemeinsam für die Musik</h2>



<p>Die Berliner Klavierfesttage leben von der Begeisterung und Unterstützung vieler Menschen, Institutionen und Förderpartner. Auf dieser Seite finden Sie alle Informationen rund um die Möglichkeiten, unser Festival zu fördern – sei es durch finanzielle Beiträge, ideelle Unterstützung oder Zusammenarbeit. Zudem ist es uns wichtig an dieser Stelle all jene zu würdigen, die mit ihrem Engagement zum Gelingen der Klavierfesttage beigetragen haben.</p>



<div class="wp-block-uagb-separator uagb-block-cd2ba5ef"><div class="wp-block-uagb-separator__inner" style="--my-background-image:"></div></div>



<div class="wp-block-uagb-container uagb-block-takaeiml alignfull uagb-is-root-container"><div class="uagb-container-inner-blocks-wrap">
<div class="wp-block-uagb-container uagb-block-bulpzp3q">
<div class="wp-block-uagb-info-box uagb-block-kyk6v7wt uagb-infobox__content-wrap  uagb-infobox-icon-above-title uagb-infobox-image-valign-top"><div class="uagb-ifb-content"><div class="uagb-ifb-title-wrap"><h2 class="uagb-ifb-title">Warum unterstützen</h2></div></div></div>



<div class="wp-block-uagb-buttons uagb-buttons__outer-wrap uagb-btn__default-btn uagb-btn-tablet__default-btn uagb-btn-mobile__default-btn uagb-block-k0fpjnxf"><div class="uagb-buttons__wrap uagb-buttons-layout-wrap">
<div class="wp-block-uagb-buttons-child uagb-buttons__outer-wrap uagb-block-dt0ts7ia wp-block-button"><div class="uagb-button__wrapper"><a class="uagb-buttons-repeater wp-block-button__link" aria-label="" href="https://berlinerklavierfesttage.com/de/why-support/" rel="follow noopener" target="_self" role="button"><div class="uagb-button__link">mehr erfahren</div></a></div></div>
</div></div>
</div>
</div></div>



<div class="wp-block-uagb-container uagb-block-83672f46 alignfull uagb-is-root-container"><div class="uagb-container__shape uagb-container__shape-top"><svg xmlns="https://www.w3.org/2000/svg" viewbox="0 0 700 10" preserveaspectratio="none"><path class="uagb-container__shape-fill" d="M350,10L340,0h20L350,10z"></path></svg></div><div class="uagb-container-inner-blocks-wrap">
<div class="wp-block-uagb-container uagb-block-9bb6b4a6">
<div class="wp-block-uagb-info-box uagb-block-2016bb0c uagb-infobox__content-wrap  uagb-infobox-icon-above-title uagb-infobox-image-valign-top"><div class="uagb-ifb-content"><div class="uagb-ifb-title-wrap"><h2 class="uagb-ifb-title">Wie und auf welchem Weg?</h2></div></div></div>



<div class="wp-block-uagb-buttons uagb-buttons__outer-wrap uagb-btn__default-btn uagb-btn-tablet__default-btn uagb-btn-mobile__default-btn uagb-block-7bd88e19"><div class="uagb-buttons__wrap uagb-buttons-layout-wrap">
<div class="wp-block-uagb-buttons-child uagb-buttons__outer-wrap uagb-block-08e0d181 wp-block-button"><div class="uagb-button__wrapper"><a class="uagb-buttons-repeater wp-block-button__link" aria-label="" href="https://berlinerklavierfesttage.com/de/how-to-support-benefits/" rel="follow noopener" target="_self" role="button"><div class="uagb-button__link">herausfinden</div></a></div></div>
</div></div>
</div>
</div></div>



<div class="wp-block-uagb-container uagb-block-10e38ee4 alignfull uagb-is-root-container"><div class="uagb-container__shape uagb-container__shape-top"><svg xmlns="https://www.w3.org/2000/svg" viewbox="0 0 700 10" preserveaspectratio="none"><path class="uagb-container__shape-fill" d="M350,10L340,0h20L350,10z"></path></svg></div><div class="uagb-container-inner-blocks-wrap">
<div class="wp-block-uagb-container uagb-block-cfd08385">
<div class="wp-block-uagb-info-box uagb-block-0d24cc8d uagb-infobox__content-wrap  uagb-infobox-icon-above-title uagb-infobox-image-valign-top"><div class="uagb-ifb-content"><div class="uagb-ifb-title-wrap"><h2 class="uagb-ifb-title">Danksagung</h2></div></div></div>



<div class="wp-block-uagb-buttons uagb-buttons__outer-wrap uagb-btn__default-btn uagb-btn-tablet__default-btn uagb-btn-mobile__default-btn uagb-block-baed0669"><div class="uagb-buttons__wrap uagb-buttons-layout-wrap">
<div class="wp-block-uagb-buttons-child uagb-buttons__outer-wrap uagb-block-0e3d6ebb wp-block-button"><div class="uagb-button__wrapper"><a class="uagb-buttons-repeater wp-block-button__link" aria-label="" href="https://berlinerklavierfesttage.com/de/acknowledgements/" rel="follow noopener" target="_self" role="button"><div class="uagb-button__link">LESEN</div></a></div></div>
</div></div>
</div>
</div></div>
