{"id":77,"date":"2025-03-28T12:23:24","date_gmt":"2025-03-28T12:23:24","guid":{"rendered":"https:\/\/berlinerklavierfesttage.com\/?page_id=77"},"modified":"2025-04-21T21:35:34","modified_gmt":"2025-04-21T21:35:34","slug":"why-support","status":"publish","type":"page","link":"https:\/\/berlinerklavierfesttage.com\/de\/why-support","title":{"rendered":"Warum Unterst\u00fctzen?"},"content":{"rendered":"<p class=\"has-black-color has-text-color has-link-color wp-elements-209ab97b871964daff3334b97394a224\" style=\"font-size:26px\"><strong>Programm und Mission<\/strong><\/p>\n\n\n\n<p>Wir freuen uns, die Berliner Klavierfesttage anzuk\u00fcndigen \u2013 ein Festival f\u00fcr klassische Musik, das darauf ausgerichtet ist, Musiker:innen und Musikliebhaber:innen aus aller Welt zu inspirieren, miteinander zu verbinden \u2013 und zugleich die reiche Kulturlandschaft Berlins erlebbar zu machen.\nEtablierte K\u00fcnstler:innen und vielversprechende Nachwuchstalente kommen hier zusammen, um sich auszutauschen und ihre Musik mit der Welt zu teilen.\nDas Festival lebt von diesem wechselseitigen Dialog, in dem beide Seiten durch ihre Musik miteinander kommunizieren \u2013 und der den Festtagen ihren besonderen, so vielf\u00e4ltigen Charakter verleiht.<\/p>\n\n\n\n<div class=\"wp-block-uagb-separator uagb-block-dd165519\"><div class=\"wp-block-uagb-separator__inner\" style=\"--my-background-image:\"><\/div><\/div>\n\n\n\n<div style=\"height:22px\" aria-hidden=\"true\" class=\"wp-block-spacer\"><\/div>\n\n\n\n<p class=\"has-black-color has-text-color has-link-color wp-elements-57864a533dc643e4ecf37fe8d88f8634\" style=\"font-size:26px\"><strong>Warum wir Ihre Unterst\u00fctzung brauchen<\/strong><\/p>\n\n\n\n<p>Die Organisation der Berliner Klavierfesttage erfordert in ihrer Gr\u00f6\u00dfenordnung erhebliche Mittel. Ihre gro\u00dfz\u00fcgigen Beitr\u00e4ge helfen uns, wesentliche Kosten zu decken, wie beispielsweise:<\/p>\n\n\n\n<p>\u2022&nbsp;<strong>Hochkar\u00e4tige Fakult\u00e4t&nbsp;<\/strong>Renommierte Professoren und Pianisten verlangen Honorare, Reise- und Aufenthaltskosten.<\/p>\n\n\n\n<p>\u2022<strong>\u00a0Mietgeb\u00fchren<\/strong>\u00a0F\u00fcr die Berliner Klavierfesttage haben wir beispielsweise den Kammermusiksaal der Philharmonie Berlin, den Kamersaal der Universit\u00e4t der K\u00fcnste Berlin, Unterrichtsr\u00e4ume in der Universit\u00e4t, zahlreiche \u00dcbungsr\u00e4ume f\u00fcr die Teilnehmer und Konferenzr\u00e4ume gebucht.<\/p>\n\n\n\n<p>\u2022\u00a0<strong>Stipendien<\/strong>: Nicht alle teilnehmenden jungen Pianisten k\u00f6nnen sich die Reisekosten und Unterkunft leisten und sind auf Stipendien angewiesen.<\/p>\n\n\n\n<p>\u2022&nbsp;<strong>CD und DVD Produktion&nbsp;<\/strong>Die Aufnahmen f\u00fcr eine CD sind sehr kostspielig. Au\u00dferdem muss die CD bearbeitet, hergestellt und gestaltet sowie das Cover erstellt werden, bevor sie auf Streaming-Plattformen hochgeladen werden kann.<\/p>\n\n\n\n<p>\u2022\u00a0<strong>Organisation, Medien, Assistenz &amp; Transport etc.:<\/strong>: Wir ben\u00f6tigen Mittel, um die Veranstaltung in den Medien bekannt zu machen, Assistenten einzustellen, die Kosten f\u00fcr das Organisationsteam, Rechtsberatung, Versicherungen, Transport, Mahlzeiten, Klavierstimmungen, Unterbringung von Studenten und die Erstellung von Flyern, Brosch\u00fcren und Plakaten zu decken.<\/p>\n\n\n\n<p>\u2022&nbsp;<strong>Aufzeichnungen, Werbung und \u00d6ffentlichkeitsarbeit:&nbsp;<\/strong>Mitschnitte von Konzerten und Meisterkursen dokumentieren die Berliner Meisterkurse 2025 f\u00fcr das Live-Streaming und das \u00f6ffentliche Teilen auf Plattformen wie YouTube. Dar\u00fcber hinaus sind professionelle Aufnahmen ein wertvolles Karriereinstrument f\u00fcr junge Pianistinnen und Pianisten, das sie f\u00fcr ihre Bewerbungen, in den sozialen Medien oder bei Wettbewerben nutzen k\u00f6nnen.<\/p>\n\n\n\n<div class=\"wp-block-uagb-separator uagb-block-b023879a\"><div class=\"wp-block-uagb-separator__inner\" style=\"--my-background-image:\"><\/div><\/div>\n\n\n\n<div style=\"height:22px\" aria-hidden=\"true\" class=\"wp-block-spacer\"><\/div>\n\n\n\n<p class=\"has-black-color has-text-color has-link-color wp-elements-bfaaed5c15945ba908b81ee1a04c060b\" style=\"font-size:26px\"><strong>Die Kraft Ihrer Unterst\u00fctzung<\/strong><\/p>\n\n\n\n<p>Mit Ihrer Zuwendung leisten Sie einen direkten Beitrag zum Erfolg der Berliner Klavierfesttage und zur k\u00fcnstlerischen Entwicklung junger Musiker. Ob Sie wenig oder viel spenden k\u00f6nnen, jede Spende macht einen Unterschied. Das macht Ihre Unterst\u00fctzung:<\/p>\n\n\n\n<p>- F\u00f6rderung aufstrebender Pianisten, damit sie ihr Potenzial voll aussch\u00f6pfen k\u00f6nnen.<\/p>\n\n\n\n<p>- Sie tragen zum kulturellen Leben Berlins und Deutschlands bei<\/p>\n\n\n\n<p>- Sie helfen mit das Kulturerbe der musikalischen Exzellenz und klassischen Kultur und Historie zu bewahren<\/p>\n\n\n\n<p><strong>Vielen Dank, dass Sie an die Gro\u00dfartigkeit der Musik glauben und uns helfen, diese Vision zum Leben zu erwecken.<\/strong><\/p>\n\n\n\n<div style=\"height:22px\" aria-hidden=\"true\" class=\"wp-block-spacer\"><\/div>\n\n\n\n<div class=\"wp-block-uagb-container uagb-block-8ldfzzad alignfull uagb-is-root-container\"><div class=\"uagb-container-inner-blocks-wrap\">\n<div class=\"wp-block-uagb-info-box uagb-block-y5ocjsey uagb-infobox__content-wrap  uagb-infobox-icon-above-title uagb-infobox-image-valign-top\"><div class=\"uagb-ifb-content\"><div class=\"uagb-ifb-title-wrap\"><p class=\"uagb-ifb-title-prefix\">SPENDEN, SPONSORINGS &amp; MEHR<\/p><h1 class=\"uagb-ifb-title\">UNTERST\u00dcTZEN<\/h1><\/div><\/div><\/div>\n\n\n\n<div class=\"wp-block-buttons is-content-justification-center is-layout-flex wp-container-core-buttons-is-layout-16018d1d wp-block-buttons-is-layout-flex\">\n<div class=\"wp-block-button\"><a class=\"wp-block-button__link has-background wp-element-button\" href=\"https:\/\/berlinerklavierfesttage.com\/de\/how-to-support-benefits\/\" style=\"background-color:#273870\">MEHR ERFAHREN<\/a><\/div>\n<\/div>\n<\/div><\/div>\n\n\n\n<div style=\"height:44px\" aria-hidden=\"true\" class=\"wp-block-spacer\"><\/div>\n\n\n\n<p class=\"has-black-color has-text-color has-link-color has-extra-small-font-size wp-elements-eb6142ffaee3d3f4856316043db73193\"><em>Alle Spenden gehen ausschlie\u00dflich an den gemeinn\u00fctzigen Verein Berlin International Piano Masterclass e.V. und werden ausschlie\u00dflich zur Deckung der Kosten des Festivals verwendet.<\/em> Read more about the association: <a href=\"https:\/\/berlinerklavierfesttage.com\/de\/berlin-international-piano-masterclass-e-v\/\">klicken Sie hier<\/a><\/p>","protected":false},"excerpt":{"rendered":"<p>Program and Mission We are excited to announce the Berliner Klavierfesttage, an extraordinary Festival designed to inspire, educate, and connect<\/p>\n<p><span class=\"more-link\"><a href=\"https:\/\/berlinerklavierfesttage.com\/de\/why-support\" class=\"readmore\">Continue reading<span class=\"screen-reader-text\">Warum Unterst\u00fctzen?<\/span><\/a><\/span><\/p>","protected":false},"author":1,"featured_media":0,"parent":0,"menu_order":0,"comment_status":"closed","ping_status":"closed","template":"","meta":{"give_campaign_id":0,"_uag_custom_page_level_css":"","footnotes":""},"class_list":["post-77","page","type-page","status-publish","hentry"],"campaignId":"","uagb_featured_image_src":{"full":false,"thumbnail":false,"medium":false,"medium_large":false,"large":false,"1536x1536":false,"2048x2048":false,"trp-custom-language-flag":false,"depicter-thumbnail":false,"post-thumbnail":false,"scapeshot-single-post-page":false,"scapeshot-slider":false,"scapeshot-featured":false,"scapeshot-team":false,"scapeshot-logo-slider":false,"scapeshot-portfolio":false,"scapeshot-service":false},"uagb_author_info":{"display_name":"yreshef@gmail.com","author_link":"https:\/\/berlinerklavierfesttage.com\/de\/author\/yreshefgmail-com"},"uagb_comment_info":0,"uagb_excerpt":"Program and Mission We are excited to announce the Berliner Klavierfesttage, an extraordinary Festival designed to inspire, educate, and connectContinue readingWhy Support","_links":{"self":[{"href":"https:\/\/berlinerklavierfesttage.com\/de\/wp-json\/wp\/v2\/pages\/77","targetHints":{"allow":["GET"]}}],"collection":[{"href":"https:\/\/berlinerklavierfesttage.com\/de\/wp-json\/wp\/v2\/pages"}],"about":[{"href":"https:\/\/berlinerklavierfesttage.com\/de\/wp-json\/wp\/v2\/types\/page"}],"author":[{"embeddable":true,"href":"https:\/\/berlinerklavierfesttage.com\/de\/wp-json\/wp\/v2\/users\/1"}],"replies":[{"embeddable":true,"href":"https:\/\/berlinerklavierfesttage.com\/de\/wp-json\/wp\/v2\/comments?post=77"}],"version-history":[{"count":30,"href":"https:\/\/berlinerklavierfesttage.com\/de\/wp-json\/wp\/v2\/pages\/77\/revisions"}],"predecessor-version":[{"id":986,"href":"https:\/\/berlinerklavierfesttage.com\/de\/wp-json\/wp\/v2\/pages\/77\/revisions\/986"}],"wp:attachment":[{"href":"https:\/\/berlinerklavierfesttage.com\/de\/wp-json\/wp\/v2\/media?parent=77"}],"curies":[{"name":"wp","href":"https:\/\/api.w.org\/{rel}","templated":true}]}}

Warum Unterstützen?

<p class="has-black-color has-text-color has-link-color wp-elements-209ab97b871964daff3334b97394a224" style="font-size:26px"><strong>Programm und Mission</strong></p>



<p>Wir freuen uns, die Berliner Klavierfesttage anzukündigen – ein Festival für klassische Musik, das darauf ausgerichtet ist, Musiker:innen und Musikliebhaber:innen aus aller Welt zu inspirieren, miteinander zu verbinden – und zugleich die reiche Kulturlandschaft Berlins erlebbar zu machen.
Etablierte Künstler:innen und vielversprechende Nachwuchstalente kommen hier zusammen, um sich auszutauschen und ihre Musik mit der Welt zu teilen.
Das Festival lebt von diesem wechselseitigen Dialog, in dem beide Seiten durch ihre Musik miteinander kommunizieren – und der den Festtagen ihren besonderen, so vielfältigen Charakter verleiht.</p>



<div class="wp-block-uagb-separator uagb-block-dd165519"><div class="wp-block-uagb-separator__inner" style="--my-background-image:"></div></div>



<div style="height:22px" aria-hidden="true" class="wp-block-spacer"></div>



<p class="has-black-color has-text-color has-link-color wp-elements-57864a533dc643e4ecf37fe8d88f8634" style="font-size:26px"><strong>Warum wir Ihre Unterstützung brauchen</strong></p>



<p>Die Organisation der Berliner Klavierfesttage erfordert in ihrer Größenordnung erhebliche Mittel. Ihre großzügigen Beiträge helfen uns, wesentliche Kosten zu decken, wie beispielsweise:</p>



<p>•&nbsp;<strong>Hochkarätige Fakultät&nbsp;</strong>Renommierte Professoren und Pianisten verlangen Honorare, Reise- und Aufenthaltskosten.</p>



<p>•<strong> Mietgebühren</strong> Für die Berliner Klavierfesttage haben wir beispielsweise den Kammermusiksaal der Philharmonie Berlin, den Kamersaal der Universität der Künste Berlin, Unterrichtsräume in der Universität, zahlreiche Übungsräume für die Teilnehmer und Konferenzräume gebucht.</p>



<p>• <strong>Stipendien</strong>: Nicht alle teilnehmenden jungen Pianisten können sich die Reisekosten und Unterkunft leisten und sind auf Stipendien angewiesen.</p>



<p>•&nbsp;<strong>CD und DVD Produktion&nbsp;</strong>Die Aufnahmen für eine CD sind sehr kostspielig. Außerdem muss die CD bearbeitet, hergestellt und gestaltet sowie das Cover erstellt werden, bevor sie auf Streaming-Plattformen hochgeladen werden kann.</p>



<p>• <strong>Organisation, Medien, Assistenz &amp; Transport etc.:</strong>: Wir benötigen Mittel, um die Veranstaltung in den Medien bekannt zu machen, Assistenten einzustellen, die Kosten für das Organisationsteam, Rechtsberatung, Versicherungen, Transport, Mahlzeiten, Klavierstimmungen, Unterbringung von Studenten und die Erstellung von Flyern, Broschüren und Plakaten zu decken.</p>



<p>•&nbsp;<strong>Aufzeichnungen, Werbung und Öffentlichkeitsarbeit:&nbsp;</strong>Mitschnitte von Konzerten und Meisterkursen dokumentieren die Berliner Meisterkurse 2025 für das Live-Streaming und das öffentliche Teilen auf Plattformen wie YouTube. Darüber hinaus sind professionelle Aufnahmen ein wertvolles Karriereinstrument für junge Pianistinnen und Pianisten, das sie für ihre Bewerbungen, in den sozialen Medien oder bei Wettbewerben nutzen können.</p>



<div class="wp-block-uagb-separator uagb-block-b023879a"><div class="wp-block-uagb-separator__inner" style="--my-background-image:"></div></div>



<div style="height:22px" aria-hidden="true" class="wp-block-spacer"></div>



<p class="has-black-color has-text-color has-link-color wp-elements-bfaaed5c15945ba908b81ee1a04c060b" style="font-size:26px"><strong>Die Kraft Ihrer Unterstützung</strong></p>



<p>Mit Ihrer Zuwendung leisten Sie einen direkten Beitrag zum Erfolg der Berliner Klavierfesttage und zur künstlerischen Entwicklung junger Musiker. Ob Sie wenig oder viel spenden können, jede Spende macht einen Unterschied. Das macht Ihre Unterstützung:</p>



<p>- Förderung aufstrebender Pianisten, damit sie ihr Potenzial voll ausschöpfen können.</p>



<p>- Sie tragen zum kulturellen Leben Berlins und Deutschlands bei</p>



<p>- Sie helfen mit das Kulturerbe der musikalischen Exzellenz und klassischen Kultur und Historie zu bewahren</p>



<p><strong>Vielen Dank, dass Sie an die Großartigkeit der Musik glauben und uns helfen, diese Vision zum Leben zu erwecken.</strong></p>



<div style="height:22px" aria-hidden="true" class="wp-block-spacer"></div>



<div class="wp-block-uagb-container uagb-block-8ldfzzad alignfull uagb-is-root-container"><div class="uagb-container-inner-blocks-wrap">
<div class="wp-block-uagb-info-box uagb-block-y5ocjsey uagb-infobox__content-wrap  uagb-infobox-icon-above-title uagb-infobox-image-valign-top"><div class="uagb-ifb-content"><div class="uagb-ifb-title-wrap"><p class="uagb-ifb-title-prefix">SPENDEN, SPONSORINGS &amp; MEHR</p><h1 class="uagb-ifb-title">UNTERSTÜTZEN</h1></div></div></div>



<div class="wp-block-buttons is-content-justification-center is-layout-flex wp-container-core-buttons-is-layout-16018d1d wp-block-buttons-is-layout-flex">
<div class="wp-block-button"><a class="wp-block-button__link has-background wp-element-button" href="https://berlinerklavierfesttage.com/de/how-to-support-benefits/" style="background-color:#273870">MEHR ERFAHREN</a></div>
</div>
</div></div>



<div style="height:44px" aria-hidden="true" class="wp-block-spacer"></div>



<p class="has-black-color has-text-color has-link-color has-extra-small-font-size wp-elements-eb6142ffaee3d3f4856316043db73193"><em>Alle Spenden gehen ausschließlich an den gemeinnützigen Verein Berlin International Piano Masterclass e.V. und werden ausschließlich zur Deckung der Kosten des Festivals verwendet.</em> Read more about the association: <a href="https://berlinerklavierfesttage.com/de/berlin-international-piano-masterclass-e-v/">klicken Sie hier</a></p>

<p>Program and Mission We are excited to announce the Berliner Klavierfesttage, an extraordinary Festival designed to inspire, educate, and connect</p>
<p><span class="more-link"><a href="https://berlinerklavierfesttage.com/de/why-support" class="readmore">Continue reading<span class="screen-reader-text">Warum Unterstützen?</span></a></span></p>
